 the prime factors of n.
2, 5, 7
Let w = -39 - -39. Let f(s) = -317 + w*s**2 - 9*s + 327 + 2*s**2. What are the prime factors of f(6)?
2, 7
Let r(s) be the third derivative of s**6/60 - s**5/5 + 5*s**4/12 + 2*s**3/3 - 9*s**2. What are the prime factors of r(6)?
2
Let v(n) = 420*n + 16831. List the prime factors of v(111).
107, 593
Let p = -228 - -146. Let u = p + 458. List the prime factors of u.
2, 47
Let b(f) = 3*f**3 + 43*f - 5*f**3 - 27*f + 27*f**2. What are the prime factors of b(11)?
11, 71
Let l(u) = u**3 + 3*u**2 - 15*u + 8. Let b be l(-6). Let i(q) = q**3 + 11*q**2 - 42*q - 1. What are the prime factors of i(b)?
3, 173
Suppose -3*x - 33*x + 603211 = 83*x. List the prime factors of x.
37, 137
Suppose -4*f = u - 13, -f - 3*u + 2 = -4*u. Suppose r + a = -f*a + 1415, -r - 5*a = -1415. List the prime factors of r.
5, 283
List the prime factors of (311*-1 - -1)/(((-144)/1212)/6).
5, 31, 101
List the prime factors of (-3)/(792/176*(-1)/6927).
2, 2309
Let q(v) = -115*v + 17. Let z(c) = c**2 - 18*c - 1. Let u be z(18). List the prime factors of q(u).
2, 3, 11
Let p(g) = g**3 + 5*g**2 + 14*g + 8758. List the prime factors of p(0).
2, 29, 151
Let w be -436*((-2)/4)/(2/4). Let x = w - 648. What are the prime factors of (x/8 + 1)*-2?
3, 17
Let c(t) = 2*t - 27. Let u be c(23). Let n = u + 524. What are the prime factors of n?
3, 181
Suppose 5*w + 34374 = r, -287*r - 5*w = -283*r - 137421. What are the prime factors of r?
3, 13, 881
Let y(h) = 2*h**2 - 716*h + 21797. What are the prime factors of y(0)?
71, 307
Suppose -7*p + 8 = -3*p. Suppose p*v + 30 = 5*v. List the prime factors of (v + -11)*(-20 - 1).
3, 7
List the prime factors of -9*-7*(-3)/((-9)/37).
3, 7, 37
Let s = -10 - -14. Suppose -2*y - 5*r = -3*r - 10, 2*y - s*r = -8. Suppose -y*j + 70 = 60. What are the prime factors of j?
5
Let d be 48229 - (9 - (4 - -1)). What are the prime factors of (-3)/(-9) + d/45?
2, 67
Suppose 0*m + 1164 = 6*m. Let h = m + -64. List the prime factors of h.
2, 5, 13
Let t(l) = l**3 + 7*l**2 + 2*l - 3. Let i be (-198)/27 - (-2)/6. Let c = i + 4. What are the prime factors of t(c)?
3
Let h(q) = -q**3 - 7*q + 8. Let k be h(-4). Suppose 0 = -v + 282 + k. List the prime factors of v.
2, 191
Let r(f) = 762*f**2 + 45*f - 207. List the prime factors of r(8).
3, 23, 709
Let v = -6131 + 15794. List the prime factors of v.
3, 3221
Suppose -1 - 34 = -7*d. Suppose 18 = 3*r - d*r. What are the prime factors of (-2 + 273/r)/((-2)/6)?
97
Let k = -3 - -15. Suppose -b - k = -16. What are the prime factors of 6/4*(1216/12)/b?
2, 19
Let d = -8 - -17. Let x be (-12 - 4)/4 + d. Suppose -x = j - 0*j, 5*z - j = 215. What are the prime factors of z?
2, 3, 7
Let h be (-9 - 87/(-6))*(-2 - -112). Suppose -2*i + 3*s = -1998 - h, -4*i + 5216 = 4*s. What are the prime factors of i?
1303
Suppose 4 = -7*n + 11. Let s be (-33)/(-6) - n/(-2). Suppose -o + 71 = v, v + 10 = s*v. What are the prime factors of o?
3, 23
Suppose 0 = -2*a + 5*n + 13358, -5*a = -46*n + 45*n - 33372. List the prime factors of a.
2, 47, 71
Let o(a) = -14*a**2 + 17*a + 3. Let s be o(-8). List the prime factors of s*(0 - (0 + 1)).
3, 7
Suppose -2*a + 11 - 5 = 0. Let m(w) = -3*w + 1. Let f be m(-1). Suppose a*g = 5*l - 692, -f*g + 276 = 2*l - 5*g. What are the prime factors of l?
2, 17
Let k(l) = 42*l**2 - 7*l + 10. Let v be k(2). Let m = v - -190. What are the prime factors of m?
2, 3, 59
Let h = -70 + 79. Suppose -h = 3*y, 0*v + 3*y + 21 = 2*v. What are the prime factors of (-4)/(-1) - v - -203?
3, 67
Suppose 2*i = -3*u - 118, -u - 3*i - 12 - 25 = 0. Let x(a) = a**3 + 42*a**2 + 73*a - 94. List the prime factors of x(u).
2, 3, 31
Let v(d) = -5*d**2 + 16*d + 6. Let k be v(4). List the prime factors of (9695/105)/((k/36)/(-5)).
2, 3, 277
Let b(v) = -v**2 + 6*v + 39. Let f be b(9). Suppose 3*u = 2*k + 692, 13*u - k - 232 = f*u. What are the prime factors of u?
2, 3, 19
Let s(f) = -f**3 - 21*f**2 + 47*f + 35. Let k be s(-23). List the prime factors of 10587/k - 2/8.
2, 3, 7
Suppose 16*o - 138216 = 114760. List the prime factors of o.
97, 163
Suppose 3*a - 234 = 5*y, -18*y + 21*y + 154 = -5*a. List the prime factors of 243/12*-1*y.
2, 3
Let a be (-82)/6 + (-8)/6. Let m be (72/60)/((-1)/a). Let x = m - -22. List the prime factors of x.
2, 5
Let a be (715/10)/(-11)*2. Let z(x) = 3*x**2 + 13*x - 75. What are the prime factors of z(a)?
263
Let k(l) = 3*l - 49. Let j be k(18). Suppose 4*b + 16 = 0, q - j*b - 105 = 14. Suppose -2*p + q = 5*c, 0 = -4*c - 19 - 1. What are the prime factors of p?
2, 31
Suppose -5*o + 0*o + 100 = 0. Suppose 34*x = 33*x + c - 9, 0 = 2*x - 3*c + 19. List the prime factors of 123 + 15/o + (-2)/x.
2, 31
Suppose 1256*z = 1252*z - 3*v + 17392, 21740 = 5*z + 5*v. What are the prime factors of z?
2, 1087
Suppose -59*w + 476812 = -645486. List the prime factors of w.
2, 9511
Suppose 5*k + 466 - 6650 = -4*g, -3*g - 4*k = -4638. What are the prime factors of g?
2, 773
Suppose -9*c + 8*c - 17 = 5*k, c + k + 1 = 0. Suppose -2*d + a + 2381 = c*d, 3*a - 12 = 0. What are the prime factors of d?
3, 53
Suppose 4*g - 22 = -2, 0 = 5*w + g - 2965. What are the prime factors of w?
2, 37
Suppose 118 - 19 = b. Let k(g) = 2*g**2 + g - 42. Let h be k(-4). List the prime factors of b + ((-4)/h - (-27)/(-21)).
2, 7
Let w(y) = -5614*y - 1296. List the prime factors of w(-8).
2, 29, 47
Suppose -y + 14*f - 16*f + 47498 = 0, 4*f = -5*y + 237484. List the prime factors of y.
2, 3, 1979
Suppose 5*j = -220*x + 215*x + 34685, -34677 = -5*j - 3*x. List the prime factors of j.
3, 2311
Let m = 203822 - 142729. What are the prime factors of m?
199, 307
Suppose 0 = -4*y + 5 + 11. Suppose -c + y = -1. List the prime factors of 120 + c/(-5) + 1.
2, 3, 5
Let x(j) = -52*j - 90. Let l be x(-23). Let p = -341 + l. List the prime factors of p.
3, 5, 17
Let j(w) = -2*w**2 + 7*w + 1. Let b be j(-5). Suppose 5*f - 733 = -4*c, 106*f - 103*f + 516 = 3*c. Let m = c + b. List the prime factors of m.
3, 31
Let b(l) = l**3 + 7*l**2 - 4*l. Let t(v) = -v**3 - 8*v**2 + 5*v + 2. Let n(h) = -7*b(h) - 6*t(h). List the prime factors of n(-7).
2, 37
Let r be -1 - 3 - (-4 - 0). Let c be (r + 2 - 5)/(-1). Suppose -2*a = -c*f + 181, -5*f + 7*a + 305 = 3*a. List the prime factors of f.
3, 19
Let y be (-4)/(8/(-78)) - 51/(-17). Suppose y*x + 309 = 43*x. List the prime factors of x.
3, 103
Suppose 450*r - 453*r - 134789 = -4*p, -r = -3*p + 101098. List the prime factors of p.
67, 503
Let c be (-12)/(-20) + 9486/15. Suppose -8*q + 2601 = c. List the prime factors of q.
2, 3, 41
Let z = 4 + -8. Let s(v) be the first derivative of v**4/4 + 8*v**3/3 + 6*v**2 + 14*v + 666. What are the prime factors of s(z)?
2, 3, 5
Suppose -17*n + 25 = -12*n, 4*h - 15596 = 4*n. What are the prime factors of h?
2, 61
Suppose 2*g - 8 = g. Let l(a) = -a**3 + 9*a**2 + 5*a - 8. Let b be l(g). Suppose 49 = p - 5*y, 4*p - y = -6*y + b. List the prime factors of p.
29
Suppose -3195 = 5*f + g, 3*f - 5*g = -431 - 1458. Let k = 271 - f. List the prime factors of k.
3, 101
Let l = -10426 + 29642. What are the prime factors of l?
2, 1201
Let a be 15/45 + (-244)/3. Let p = a - 355. Let v = p + 714. List the prime factors of v.
2, 139
What are the prime factors of (4 + -1 + -6)/(-6 - (-178344)/29728)?
2, 929
Suppose a + 43 + 46 = 0. Let t = -87 - a. Suppose -582 = t*i - 5*i + 3*z, -2*i = z - 379. What are the prime factors of i?
191
Let u(b) = b**3 - 91*b**2 + 138*b - 246. What are the prime factors of u(90)?
2, 3, 7, 97
Let i = -74671 - -128178. What are the prime factors of i?
53507
Suppose 6128*w - 89419 = 6126*w + l, -313012 = -7*w - 3*l. List the prime factors of w.
61, 733
Let v(i) = 114*i + 9243. List the prime factors of v(63).
3, 5, 73
Let i be ((-9)/(-12))/1 + 504835/124. Suppose 0 = -k - 5*l + 1319, -3*k + i = 3*l + 163. What are the prime factors of k?
3, 433
Let a = -203 - -269. Suppose 2*n - 5*r - a = 0, -5*n + 5*r + 79 + 101 = 0. List the prime factors of n.
2, 19
Suppose -5*u - 4*d - 2849 = 0, -9*d = -12*d + 12. Let l = 983 + u. List the prime factors of l.
2, 5, 41
Let z be 9*(32/18)/8. Let b(m) = -8*m + 7. Let k be b(z). List the prime factors of k + 57 + (3 - -1).
2, 13
Let m be (-3)/(-12)*(-1 + 9). Suppose m*g = 11 + 43. List the prime factors of 3045/g - 2/(-9).
113
Let x(y) be the thi